21
List the prime factors of 21991030.
2, 5, 17, 277, 467
What are the prime factors of 616645863?
3, 41, 71, 23537
What are the prime factors of 907998546?
2, 3, 7, 13, 41, 47, 863
List the prime factors of 740788711.
13, 1109, 51383
List the prime factors of 20960403.
3, 6986801
What are the prime factors of 47301429?
3, 7, 17, 37, 3581
List the prime factors of 5677324039.
211, 439, 61291
What are the prime factors of 9010727983?
3407, 2644769
What are the prime factors of 1393194344?
2, 174149293
What are the prime factors of 1157108585?
5, 37, 6254641
List the prime factors of 104284332.
2, 3, 2896787
What are the prime factors of 2469504168?
2, 3, 34298669
What are the prime factors of 113736792?
2, 3, 13, 364541
List the prime factors of 227790065.
5, 3691, 12343
What are the prime factors of 4407864841?
863, 5107607
What are the prime factors of 39135183?
3, 13045061
What are the prime factors of 61806209?
3467, 17827
List the prime factors of 1071412241.
1071412241
List the prime factors of 628266869.
59, 10648591
What are the prime factors of 50480442?
2, 3, 547, 1709
List the prime factors of 6185406864.
2, 3, 7, 13, 1416073
What are the prime factors of 57547012?
2, 23, 557, 1123
List the prime factors of 131455720.
2, 5, 11, 167, 1789
What are the prime factors of 33029213?
7, 283, 16673
List the prime factors of 103955249.
103955249
What are the prime factors of 167258517?
3, 55752839
List the prime factors of 82037590.
2, 5, 263, 31193
List the prime factors of 2987457213.
3, 13, 76601467
What are the prime factors of 49702102?
2, 24851051
List the prime factors of 211089605.
5, 42217921
List the prime factors of 702011022.
2, 3, 17, 6882461
List the prime factors of 28655129.
31, 924359
List the prime factors of 6992627127.
3, 31, 2425469
List the prime factors of 20550191.
19, 79, 13691
What are the prime factors of 8618195627?
71, 121383037
What are the prime factors of 31536308?
2, 7884077
What are the prime factors of 4121614?
2, 7, 83, 3547
What are the prime factors of 124254809?
7, 23, 771769
What are the prime factors of 99170586?
2, 3, 67, 82231
List the prime factors of 1521403063.
1521403063
What are the prime factors of 3789113057?
19, 37, 271, 19889
List the prime factors of 1541252177.
1541252177
List the prime factors of 1895799911.
277, 6844043
What are the prime factors of 838403861?
19, 569, 77551
What are the prime factors of 531741251?
137, 3881323
What are the prime factors of 649129593?
3, 7, 2089, 14797
What are the prime factors of 37503121?
293, 127997
List the prime factors of 1538099453.
11, 139827223
List the prime factors of 70066136.
2, 7, 131, 9551
What are the prime factors of 301116401?
43, 1033, 6779
List the prime factors of 45506320.
2, 5, 271, 2099
What are the prime factors of 19223808?
2, 3, 25031
List the prime factors of 4592877903.
3, 170106589
List the prime factors of 79520685.
3, 5, 223, 23773
What are the prime factors of 126175794?
2, 3, 131, 229, 701
List the prime factors of 965868507.
3, 107318723
List the prime factors of 19376380.
2, 5, 968819
What are the prime factors of 2080465467?
3, 83, 151, 55333
What are the prime factors of 254838705?
3, 5, 11, 140407
What are the prime factors of 208656961?
67, 3114283
List the prime factors of 117393292.
2, 131, 224033
List the prime factors of 155082032.
2, 7, 1384661
What are the prime factors of 78173349?
3, 26057783
What are the prime factors of 1906894895?
5, 1303, 292693
What are the prime factors of 340164978?
2, 3, 1153, 49171
What are the prime factors of 38421647?
11, 3492877
What are the prime factors of 101824843?
9377, 10859
What are the prime factors of 33498864?
2, 3, 7, 167, 199
What are the prime factors of 73265105?
5, 14653021
List the prime factors of 571321327.
103, 1249, 4441
List the prime factors of 728959221.
3, 107, 756967
List the prime factors of 217652739.
3, 72550913
What are the prime factors of 91068598?
2, 241, 188939
What are the prime factors of 1667093239?
7, 34022311
What are the prime factors of 340434600?
2, 3, 5, 11, 51581
List the prime factors of 818395437.
3, 272798479
List the prime factors of 39531549.
3, 23, 199, 2879
What are the prime factors of 47626443?
3, 5291827
List the prime factors of 63085643.
19, 29, 114493
What are the prime factors of 331992993?
3, 110664331
List the prime factors of 156988923.
3, 7, 13, 619, 929
What are the prime factors of 100464261?
3, 33488087
What are the prime factors of 511403915?
5, 11, 9298253
List the prime factors of 93390759.
3, 7, 11, 29, 1549
List the prime factors of 41024155.
5, 71, 115561
What are the prime factors of 42606106?
2, 71, 300043
What are the prime factors of 65419791?
3, 17, 149, 8609
List the prime factors of 5841036.
2, 3, 162251
List the prime factors of 127136002.
2, 7, 9081143
What are the prime factors of 2765491335?
3, 5, 20485121
What are the prime factors of 32274118?
2, 1109, 14551
What are the prime factors of 865228116?
2, 3, 6301, 11443
What are the prime factors of 57743507?
57743507
What are the prime factors of 3445615859?
7, 70318691
List the prime factors of 7295670785.
5, 13, 17, 6602417
List the prime factors of 1662536493.
3, 103, 1793459
What are the prime factors of 485031123?
3, 53892347
What are the prime factors of 3628640029?
7, 47, 101, 109201
List the prime factors of 3494805097.
7, 71, 89, 11287
List the prime factors of 42864104.
2, 5358013
List the prime factors of 20880299.
11, 1898209
List the prime factors of 120999893.
7, 43, 401993
List the prime factors of 132681359.
43, 3085613
List the prime factors of 7040477920.
2, 5, 7, 17, 67, 5519
List the prime factors of 88629791.
257, 344863
What are the prime factors of 4002260229?
3, 11, 257, 157303
What are the prime factors of 204138659?
11003, 18553
What are the prime factors of 385332129?
3, 7, 13, 67213
What are the prime factors of 764909164?
2, 191227291
List the prime factors of 217934032.
2, 127, 107251
List the prime factors of 32885279.
7, 4697897
What are the prime factors of 65693219?
17, 3864307
What are the prime factors of 169755470?
2, 5, 733, 23159
What are the prime factors of 115978922?
2, 57989461
List the prime factors of 144950645.
5, 7, 37, 173, 647
What are the prime factors of 65202275?
5, 2608091
What are the prime factors of 241364645?
5, 23, 73, 28751
List the prime factors of 93213929.
5927, 15727
What are the prime factors of 78390101?
73, 1073837
List the prime factors of 30785560.
2, 5, 13, 73, 811
List the prime factors of 3086996467.
3086996467
List the prime factors of 26450831.
11, 19, 6661
List the prime factors of 2030409961.
20323, 99907
What are the prime factors of 31623819?
3, 73, 197, 733
What are the prime factors of 285512387?
31, 37, 59, 4219
What are the prime factors of 1387039017?
3, 7, 13, 37, 353, 389
What are the prime factors of 41791977?
3, 47, 32933
What are the prime factors of 134498625?
3, 5, 19, 43, 439
List the prime factors of 707801452.
2, 19, 967, 9631
List the prime factors of 2587538398.
2, 29, 44612731
List the prime factors of 1263100905.
3, 5, 11, 19, 89, 503
List the prime factors of 1212166486.
2, 127, 4772309
What are the prime factors of 1611229451?
13, 17, 7290631
List the prime factors of 59156313.
3, 1429, 13799
What are the prime factors of 3000334?
2, 109, 13763
What are the prime factors of 560105021?
7, 227, 352489
List the prime factors of 491629303.
11, 44693573
What are the prime factors of 10370718?
2, 3, 576151
What are the prime factors of 1007045062?
2, 503522531
List the prime factors of 239175069.
3, 7, 11389289
What are the prime factors of 275381830?
2, 5, 41, 103, 6521
List the prime factors of 422011601.
11, 59, 79, 8231
List the prime factors of 417634176.
2, 3, 1087589
What are the prime factors of 70028169?
3, 23, 389, 2609
What are the prime factors of 50661889?
103, 233, 2111
What are the prime factors of 2850934272?
2, 3, 17, 23, 47, 101
What are the prime factors of 256284867?
3, 85428289
What are the prime factors of 13755289?
31, 167, 2657
List the prime factors of 16892979.
3, 37, 152189
List the prime factors of 50596463.
449, 112687
List the prime factors of 549471651.
3, 183157217
List the prime factors of 448367491.
11, 13, 19, 59, 2797